{"id":41,"date":"2021-05-23T19:22:44","date_gmt":"2021-05-23T17:22:44","guid":{"rendered":"http:\/\/anestesitjeneste.info\/anestesitjeneste-as\/?page_id=41"},"modified":"2022-04-11T17:31:41","modified_gmt":"2022-04-11T15:31:41","slug":"info-til-pasient","status":"publish","type":"page","link":"https:\/\/anestesitjeneste.info\/anestesitjeneste-as\/info-til-pasient\/","title":{"rendered":"Info til pasient"},"content":{"rendered":"\t\t<div data-elementor-type=\"wp-page\" data-elementor-id=\"41\" class=\"elementor elementor-41\" data-elementor-settings=\"[]\">\n\t\t\t\t\t\t<div class=\"elementor-inner\">\n\t\t\t\t\t\t\t<div class=\"elementor-section-wrap\">\n\t\t\t\t\t\t\t<section class=\"elementor-section elementor-top-section elementor-element elementor-element-2d9e73d8 elementor-section-boxed elementor-section-height-default elementor-section-height-default\" data-id=\"2d9e73d8\" data-element_type=\"section\">\n\t\t\t\t\t\t<div class=\"elementor-container elementor-column-gap-default\">\n\t\t\t\t\t\t\t<div class=\"elementor-row\">\n\t\t\t\t\t<div class=\"elementor-column elementor-col-100 elementor-top-column elementor-element elementor-element-7f3269a\" data-id=\"7f3269a\" data-element_type=\"column\">\n\t\t\t<div class=\"elementor-column-wrap elementor-element-populated\">\n\t\t\t\t\t\t\t<div class=\"elementor-widget-wrap\">\n\t\t\t\t\t\t<div class=\"elementor-element elementor-element-765a2e0d elementor-widget elementor-widget-text-editor\" data-id=\"765a2e0d\" data-element_type=\"widget\" data-widget_type=\"text-editor.default\">\n\t\t\t\t<div class=\"elementor-widget-container\">\n\t\t\t\t\t\t\t\t<div class=\"elementor-text-editor elementor-clearfix\">\n\t\t\t\t\t<p><!-- wp:paragraph --><\/p>\n<p><strong>Viktig Informasjon til pasienter som skal ha sedasjon under tannlegebehandling<\/strong><\/p>\n<p><!-- \/wp:paragraph --><\/p>\n<p><!-- wp:paragraph --><\/p>\n<p><strong>Fasting<\/strong><\/p>\n<p><!-- \/wp:paragraph --><\/p>\n<p><!-- wp:paragraph --><\/p>\n<p>Alle pasienter som skal ha sedasjon eller narkose m\u00e5 v\u00e6re fastende n\u00e5r de m\u00f8ter til tannlegebehandling, for \u00e5 forhindre at mageinnhold kommer ned i lungene.<\/p>\n<p><!-- \/wp:paragraph --><\/p>\n<p><!-- wp:paragraph --><\/p>\n<p>Regler for fasting: 1. Du kan spise og drikke inntil 6 timer f\u00f8r behandlingen, og ellers drikke saft (uten fruktkj\u00f8tt), tee eller vann inntil 2 timer f\u00f8r.<\/p>\n<p><!-- \/wp:paragraph --><\/p>\n<p><!-- wp:paragraph --><\/p>\n<p>2. Du b\u00f8r ikke r\u00f8yke, spise pastiller eller tyggegummi den dagen du skal f\u00e5 tannlegebehandlingen\/sedasjon\/narkose, fordi dette kan gi \u00f8kt produksjon av magesyre som kan medf\u00f8re risiko ved sedasjon\/narkose.<\/p>\n<p><!-- \/wp:paragraph --><\/p>\n<p><!-- wp:paragraph --><\/p>\n<p><strong>Kroniske sykdommer<\/strong><\/p>\n<p><!-- \/wp:paragraph --><\/p>\n<p><!-- wp:paragraph --><\/p>\n<p>Dersom du har kronisk sykdom vil vi gjerne ha informasjon om dette for \u00e5 kunne i vareta din sikkerhet under sedasjon\/narkose. Derfor ber vi om din samtykke i at vi f\u00e5 lov \u00e5 g\u00e5 inn i elektronisk pasientjournalet ditt for \u00e5 f\u00e5 best mulig oversikt over helsetilstanden din. Da kan vi forberede oss optimalt for \u00e5 gjennomf\u00f8re en trygg sedasjon\/narkose hos deg.<\/p>\n<p><!-- \/wp:paragraph --><\/p>\n<p><!-- wp:paragraph --><\/p>\n<p>Du kan gjerne sende din samtykke via sms til mobilnr: 966 46 392 (husk \u00e5 p\u00e5f\u00f8re personnummer). Er det noe du lurer p\u00e5 kan du ringe dette nummer og legge inn en beskjed, s\u00e5 ringer vi deg tilbake.<\/p>\n<p><!-- \/wp:paragraph --><\/p>\n<p><!-- wp:paragraph --><\/p>\n<p><strong>Faste medisiner<\/strong><\/p>\n<p><!-- \/wp:paragraph --><\/p>\n<p><!-- wp:paragraph --><\/p>\n<p>1. Bruker du medisiner fast, kan du ta disse til \u201cvanlig\u201d tid sammen med \u00bd glass vann.<\/p>\n<p><!-- \/wp:paragraph --><\/p>\n<p><!-- wp:paragraph --><\/p>\n<p>* Unntak: Blodtrykksmedisiner av typen ACE-hemmer eller angiotensin II-receptorantagonister b\u00f8r ikke tas f\u00f8r narkosen, fordi de gir st\u00f8rre blodtrykksfall enn ellers. Vanndrivende medisiner (diuretika) b\u00f8r ikke tas f\u00f8r en langvarig narkose, da det gir risiko for at en kan bli liggende med full urinbl\u00e6re.<\/p>\n<p><!-- \/wp:paragraph --><\/p>\n<p><!-- wp:paragraph --><\/p>\n<p>2. Dersom du bruker insulin, \u00f8nsker vi at du tar med insulin og apparat for blodsukker m\u00e5ling.<\/p>\n<p><!-- \/wp:paragraph --><\/p>\n<p><!-- wp:paragraph --><\/p>\n<p>3. Astma- og KOLS- pasienter som bruker inhalasjonsmedisiner, b\u00f8r ta med disse.<\/p>\n<p><!-- \/wp:paragraph --><\/p>\n<p><!-- wp:paragraph --><\/p>\n<p>Ring oss gjerne, hvis du har sp\u00f8rsm\u00e5l om det.<\/p>\n<p><!-- \/wp:paragraph --><\/p>\n<p><!-- wp:paragraph --><\/p>\n<p><strong>Ved oppm\u00f8te<\/strong><\/p>\n<p><!-- \/wp:paragraph --><\/p>\n<p><!-- wp:paragraph --><\/p>\n<p>Vi ber deg \u00e5 komme cirka 15 minutter f\u00f8r start av tannlegebehandlingen. Da kan vi begynne \u00e5 forberede deg i ro for behandlingen og hvis du skulle ha uavklarte sp\u00f8rsm\u00e5l, s\u00e5 kan vi besvare de.<\/p>\n<p><!-- \/wp:paragraph --><\/p>\n<p><!-- wp:paragraph --><\/p>\n<p><strong>Ved hjemreise<\/strong><\/p>\n<p><!-- \/wp:paragraph --><\/p>\n<p><!-- wp:paragraph --><\/p>\n<p>1. Du kan ikke kj\u00f8re bil eller annet motorisert kj\u00f8ret\u00f8y selv f\u00f8rste d\u00f8gn etter \u00e5 ha f\u00e5tt sedasjon eller narkose.<br><\/p>\n<p><!-- \/wp:paragraph --><\/p>\n<p><!-- wp:paragraph --><\/p>\n<p>2. Pasienter kan reagere ulikt p\u00e5 sedasjon\/narkose og medikamenter. Ved lengre behandlingstid kan noen pasienter ha problemer med \u00e5 huske informasjon som blir gitt og vil finne det trygt \u00e5 ha en kjent voksen \u00e5 v\u00e6re sammen med<\/p>\n<p><!-- \/wp:paragraph --><\/p>\n<p><!-- wp:paragraph --><\/p>\n<p><strong>Annet<\/strong><\/p>\n<p><!-- \/wp:paragraph --><\/p>\n<p><!-- wp:paragraph --><\/p>\n<p>I tilfelle at du har utpreget spr\u00f8yteskrekk kan du kj\u00f8pe deg 2 Emlaplaster p\u00e5 apoteken. Da kan plasteren gjerne settes en p\u00e5 handryggen og en p\u00e5 innside av albuen ca 45 minutter f\u00f8r oppm\u00f8te hos tannlegen.<\/p>\n<p><!-- \/wp:paragraph --><\/p>\n<p><!-- wp:paragraph --><\/p>\n<p>Dette reduserer ubehag ved innlegging av ven\u00f8s tilgang.<\/p>\n<p><!-- \/wp:paragraph --><\/p>\n<p><!-- wp:paragraph --><\/p>\n<p><strong>Er det noe du lurer p\u00e5 ang\u00e5ende sedasjon eller narkose under tannlegebehandlingen ?<\/strong><\/p>\n<p><!-- \/wp:paragraph --><\/p>\n<p><!-- wp:paragraph --><\/p>\n<p><strong> Ring oss gjerne p\u00e5 mobilnr: 966 46 392. Legg inn en beskjed s\u00e5 ringer vi tilbake.<\/strong><\/p>\n<p><!-- \/wp:paragraph --><\/p>\t\t\t\t\t<\/div>\n\t\t\t\t\t\t<\/div>\n\t\t\t\t<\/div>\n\t\t\t\t\t\t<\/div>\n\t\t\t\t\t<\/div>\n\t\t<\/div>\n\t\t\t\t\t\t\t\t<\/div>\n\t\t\t\t\t<\/div>\n\t\t<\/section>\n\t\t\t\t\t\t<\/div>\n\t\t\t\t\t\t<\/div>\n\t\t\t\t\t<\/div>\n\t\t","protected":false},"excerpt":{"rendered":"<p>Viktig Informasjon til pasienter som skal ha sedasjon under tannlegebehandling Fasting Alle pasienter som skal ha sedasjon eller narkose m\u00e5 v\u00e6re fastende n\u00e5r de m\u00f8ter til tannlegebehandling, for \u00e5 forhindre at mageinnhold kommer ned i lungene. Regler for fasting: 1. Du kan spise og drikke inntil 6 timer f\u00f8r behandlingen, og ellers drikke saft (uten fruktkj\u00f8tt), tee eller vann inntil 2 timer f\u00f8r. 2. Du b\u00f8r ikke r\u00f8yke, spise pastiller eller tyggegummi den dagen du skal f\u00e5 tannlegebehandlingen\/sedasjon\/narkose, fordi dette kan gi \u00f8kt produksjon av magesyre som kan medf\u00f8re risiko ved sedasjon\/narkose. Kroniske sykdommer Dersom du har kronisk sykdom vil vi gjerne ha informasjon om dette for \u00e5 kunne i vareta din sikkerhet under sedasjon\/narkose. Derfor ber vi om din samtykke i at vi f\u00e5 lov \u00e5 g\u00e5 inn i elektronisk pasientjournalet ditt for \u00e5 f\u00e5 best mulig oversikt over helsetilstanden din. Da kan vi forberede oss optimalt for \u00e5&hellip;<\/p>\n<p> <a class=\"more-link\" href=\"https:\/\/anestesitjeneste.info\/anestesitjeneste-as\/info-til-pasient\/\">Read more<\/a><\/p>\n","protected":false},"author":1,"featured_media":0,"parent":0,"menu_order":0,"comment_status":"closed","ping_status":"closed","template":"","meta":{"footnotes":""},"_links":{"self":[{"href":"https:\/\/anestesitjeneste.info\/anestesitjeneste-as\/wp-json\/wp\/v2\/pages\/41"}],"collection":[{"href":"https:\/\/anestesitjeneste.info\/anestesitjeneste-as\/wp-json\/wp\/v2\/pages"}],"about":[{"href":"https:\/\/anestesitjeneste.info\/anestesitjeneste-as\/wp-json\/wp\/v2\/types\/page"}],"author":[{"embeddable":true,"href":"https:\/\/anestesitjeneste.info\/anestesitjeneste-as\/wp-json\/wp\/v2\/users\/1"}],"replies":[{"embeddable":true,"href":"https:\/\/anestesitjeneste.info\/anestesitjeneste-as\/wp-json\/wp\/v2\/comments?post=41"}],"version-history":[{"count":10,"href":"https:\/\/anestesitjeneste.info\/anestesitjeneste-as\/wp-json\/wp\/v2\/pages\/41\/revisions"}],"predecessor-version":[{"id":337,"href":"https:\/\/anestesitjeneste.info\/anestesitjeneste-as\/wp-json\/wp\/v2\/pages\/41\/revisions\/337"}],"wp:attachment":[{"href":"https:\/\/anestesitjeneste.info\/anestesitjeneste-as\/wp-json\/wp\/v2\/media?parent=41"}],"curies":[{"name":"wp","href":"https:\/\/api.w.org\/{rel}","templated":true}]}}